{"id":25,"date":"2017-03-21T13:18:51","date_gmt":"2017-03-21T13:18:51","guid":{"rendered":"http:\/\/essential.riccardoborchi.it\/?page_id=25"},"modified":"2023-01-16T12:37:06","modified_gmt":"2023-01-16T12:37:06","slug":"about","status":"publish","type":"page","link":"https:\/\/roomolution.com\/index.php\/about\/","title":{"rendered":"About"},"content":{"rendered":"<p>[vc_row full_width=&#8220;stretch_row&#8220; content_placement=&#8220;middle&#8220; tablets_mb=&#8220;margin-sm-50b&#8220; css=&#8220;.vc_custom_1672234631643{margin-top: -240px !important;border-top-width: -240px !important;padding-top: -240px !important;background-color: #0a0a0a !important;}&#8220;][vc_column width=&#8220;2\/3&#8243; css=&#8220;.vc_custom_1672152400591{margin-top: -50px !important;border-top-width: -50px !important;padding-top: -50px !important;}&#8220; offset=&#8220;vc_col-lg-offset-0 vc_col-md-offset-0 vc_col-sm-offset-0 vc_col-xs-12&#8243;][vc_heading title=&#8220;ABOUT&#8220; separator=&#8220;true&#8220; style=&#8220;White&#8220;]<\/p>\n<p style=\"text-align: left;\">roomolution setzt sich aus den W\u00f6rtern ROOM + REVOLUTION bzw. SOLUTION (L\u00f6sung) zusammen.<\/p>\n<p style=\"text-align: left;\">\u200bEine\u00a0RaumREVOLUTION entsteht durch die \u201e<em>grundlegende Neuerung bzw. eine tiefgreifende Wandlung<\/em>\u201c (Duden) Ihrer gegenw\u00e4rtigen Raumsituation- und -aufteilung.<\/p>\n<p style=\"text-align: left;\">Eine RaumL\u00d6SUNG f\u00fcr bestehende r\u00e4umliche Herausforderungen und Aufgabenstellungen erziele ich \u201e<em>durch die Anwendung spezieller Kenntnisse und Methoden<\/em>\u201c (Duden).<\/p>\n<p style=\"text-align: left;\">Ich denke R\u00e4ume und Raumaufteilungen neu und entwickle raffinierte Rauml\u00f6sungen f\u00fcr Wohn- und Gesch\u00e4ftsr\u00e4ume. Neben Consulting, Planung und 3D-Visualisierung nehme ich auch selbst Umbauten vor, koordiniere externe Partner und k\u00fcmmere mich um die Einreichung bei den zust\u00e4ndigen Beh\u00f6rden.<\/p>\n<p style=\"text-align: left;\">Alten M\u00f6beln verleihe ich einen neuen Schliff und adaptiere, restauriere und integriere sie sinnvoll in die Raumplanung. Zudem designe ich multifunktionale M\u00f6bel \u2013 mit Vorliebe in Anlehnung an skandinavisches Design, den Stil der 50er- und 60-er Jahre und Mid-Century.<\/p>\n<p style=\"text-align: left;\">Mein Anspruch ist eine funktionale und kosteneffiziente Planung, eine ansprechende Gestaltung und eine professionelle Durchf\u00fchrung.<\/p>\n<p>[\/vc_heading][\/vc_column][vc_column width=&#8220;1\/3&#8243; tablets_mt=&#8220;margin-sm-144t&#8220; mobile_mt=&#8220;margin-xs-80t&#8220; css=&#8220;.vc_custom_1672152624814{margin-top: -50px !important;border-top-width: -50px !important;padding-top: -50px !important;}&#8220; offset=&#8220;vc_col-lg-offset-0 vc_col-md-offset-0 vc_col-sm-offset-0 vc_col-xs-4\/5&#8243;][vc_single_image image=&#8220;904&#8243; img_size=&#8220;1000&#215;750&#8243; alignment=&#8220;right&#8220; style=&#8220;vc_box_rounded&#8220; css=&#8220;.vc_custom_1671473935928{margin-left: 40px !important;border-left-width: 40px !important;padding-left: 40px !important;}&#8220;][\/vc_column][\/vc_row]<\/p>\n","protected":false},"excerpt":{"rendered":"<p>[vc_row full_width=&#8220;stretch_row&#8220; content_placement=&#8220;middle&#8220; tablets_mb=&#8220;margin-sm-50b&#8220; css=&#8220;.vc_custom_1672234631643{margin-top: -240px !important;border-top-width: -240px !important;padding-top: -240px !important;background-color: #0a0a0a !important;}&#8220;][vc_column width=&#8220;2\/3&#8243; css=&#8220;.vc_custom_1672152400591{margin-top: -50px !important;border-top-width: -50px !important;padding-top: -50px !important;}&#8220; offset=&#8220;vc_col-lg-offset-0 vc_col-md-offset-0 vc_col-sm-offset-0 vc_col-xs-12&#8243;][vc_heading &hellip;<\/p>\n","protected":false},"author":1,"featured_media":0,"parent":0,"menu_order":0,"comment_status":"closed","ping_status":"closed","template":"","meta":{"_crdt_document":"","footnotes":""},"class_list":["post-25","page","type-page","status-publish","hentry"],"acf":[],"_links":{"self":[{"href":"https:\/\/roomolution.com\/index.php\/wp-json\/wp\/v2\/pages\/25","targetHints":{"allow":["GET"]}}],"collection":[{"href":"https:\/\/roomolution.com\/index.php\/wp-json\/wp\/v2\/pages"}],"about":[{"href":"https:\/\/roomolution.com\/index.php\/wp-json\/wp\/v2\/types\/page"}],"author":[{"embeddable":true,"href":"https:\/\/roomolution.com\/index.php\/wp-json\/wp\/v2\/users\/1"}],"replies":[{"embeddable":true,"href":"https:\/\/roomolution.com\/index.php\/wp-json\/wp\/v2\/comments?post=25"}],"version-history":[{"count":102,"href":"https:\/\/roomolution.com\/index.php\/wp-json\/wp\/v2\/pages\/25\/revisions"}],"predecessor-version":[{"id":1216,"href":"https:\/\/roomolution.com\/index.php\/wp-json\/wp\/v2\/pages\/25\/revisions\/1216"}],"wp:attachment":[{"href":"https:\/\/roomolution.com\/index.php\/wp-json\/wp\/v2\/media?parent=25"}],"curies":[{"name":"wp","href":"https:\/\/api.w.org\/{rel}","templated":true}]}}